s divided by 953?
196
What is the remainder when 283711 is divided by 284?
279
What is the remainder when 86552 is divided by 17?
5
What is the remainder when 22107 is divided by 1862?
1625
What is the remainder when 97142 is divided by 552?
542
What is the remainder when 6316 is divided by 33?
13
What is the remainder when 496283 is divided by 233?
226
What is the remainder when 48257 is divided by 48166?
91
What is the remainder when 276095 is divided by 237?
227
Calculate the remainder when 17198 is divided by 3436.
18
Calculate the remainder when 2181 is divided by 1602.
579
What is the remainder when 2558 is divided by 376?
302
What is the remainder when 5512 is divided by 1826?
34
Calculate the remainder when 154905 is divided by 31.
29
What is the remainder when 7831 is divided by 21?
19
What is the remainder when 9281 is divided by 11?
8
What is the remainder when 984315 is divided by 4?
3
What is the remainder when 942 is divided by 444?
54
What is the remainder when 61945 is divided by 20442?
619
What is the remainder when 14853 is divided by 227?
98
Calculate the remainder when 46507 is divided by 156.
19
Calculate the remainder when 4786 is divided by 679.
33
What is the remainder when 124106 is divided by 81?
14
Calculate the remainder when 2558 is divided by 60.
38
Calculate the remainder when 234012 is divided by 242.
240
Calculate the remainder when 474 is divided by 11.
1
Calculate the remainder when 1974 is divided by 659.
656
What is the remainder when 184292 is divided by 2925?
17
Calculate the remainder when 14784 is divided by 315.
294
What is the remainder when 45638 is divided by 310?
68
Calculate the remainder when 2375 is divided by 104.
87
What is the remainder when 2277 is divided by 353?
159
What is the remainder when 170296 is divided by 706?
150
Calculate the remainder when 6400 is divided by 125.
25
What is the remainder when 1606 is divided by 76?
10
Calculate the remainder when 24335 is divided by 183.
179
Calculate the remainder when 1320 is divided by 492.
336
What is the remainder when 17974 is divided by 28?
26
What is the remainder when 16060 is divided by 730?
0
What is the remainder when 51153 is divided by 126?
123
Calculate the remainder when 577886 is divided by 15.
11
What is the remainder when 43219 is divided by 8491?
764
Calculate the remainder when 343655 is divided by 49.
18
What is the remainder when 173325 is divided by 16?
13
What is the remainder when 17664 is divided by 1177?
9
Calculate the remainder when 5702 is divided by 1121.
97
What is the remainder when 276835 is divided by 132?
31
What is the remainder when 17530 is divided by 79?
71
Calculate the remainder when 22242 is divided by 2463.
75
What is the remainder when 515946 is divided by 18?
12
Calculate the remainder when 838085 is divided by 63.
59
Calculate the remainder when 2161 is divided by 2145.
16
Calculate the remainder when 4969 is divided by 1237.
21
Calculate the remainder when 774 is divided by 190.
14
Calculate the remainder when 62460 is divided by 443.
440
What is the remainder when 305439 is divided by 81?
69
Calculate the remainder when 1421 is divided by 41.
27
Calculate the remainder when 1492 is divided by 1321.
171
What is the remainder when 30794 is divided by 174?
170
What is the remainder when 2412875 is divided by 13?
10
Calculate the remainder when 5028 is divided by 315.
303
What is the remainder when 708403 is divided by 5?
3
Calculate the remainder when 3803 is divided by 189.
23
Calculate the remainder when 8858 is divided by 337.
96
Calculate the remainder when 5337 is divided by 2666.
5
What is the remainder when 1599191 is divided by 163?
161
Calculate the remainder when 133105 is divided by 261.
256
What is the remainder when 33760 is divided by 13?
12
Calculate the remainder when 10136 is divided by 40.
16
What is the remainder when 742 is divided by 369?
4
What is the remainder when 3120280 is divided by 18?
16
Calculate the remainder when 2459 is divided by 55.
39
Calculate the remainder when 150681 is divided by 47.
46
What is the remainder when 5644 is divided by 314?
306
What is the remainder when 413870 is divided by 65?
15
What is the remainder when 962466 is divided by 1090?
1086
What is the remainder when 3251 is divided by 735?
311
What is the remainder when 204848 is divided by 111?
53
What is the remainder when 4800 is divided by 283?
272
What is the remainder when 51375 is divided by 5707?
12
What is the remainder when 3853879 is divided by 1103?
1100
What is the remainder when 2064 is divided by 47?
43
What is the remainder when 1928 is divided by 191?
18
What is the remainder when 20227 is divided by 2880?
67
Calculate the remainder when 10037 is divided by 109.
9
What is the remainder when 4011 is divided by 62?
43
What is the remainder when 1368 is divided by 27?
18
Calculate the remainder when 9985 is divided by 498.
25
Calculate the remainder when 9052 is divided by 88.
76
Calculate the remainder when 2914 is divided by 12.
10
Calculate the remainder when 11661 is divided by 71.
17
What is the remainder when 596439 is divided by 2506?
11
Calculate the remainder when 93744 is divided by 33.
24
Calculate the remainder when 4861 is divided by 207.
100
Calculate the remainder when 11248 is divided by 20.
8
Calculate the remainder when 22106 is divided by 195.
71
Calculate the remainder when 6413 is divided by 73.
62
What is the remainder when 3962 is divided by 470?
202
Calculate the remainder when 95912 is divided by 657.
647
Calculate the remainder when 312475 is divided by 8679.
31
Calculate the remainder when 343606 is divided by 418.
10
What is the remainder when 164863 is divided by 23?
22
Calculate the remainder when 19682 is divided by 102.
98
What is the remainder when 51093 is divided by 92?
33
Calculate the remainder when 9160 is divided by 104.
8
What is the remainder when 6348 is divided by 3019?
310
Calculate the remainder when 175264 is divided by 15.
4
Calculate the remainder when 215062 is divided by 696.
694
What is the remainder when 15050 is divided by 182?
126
What is the remainder when 13340 is divided by 213?
134
Calculate the remainder when 414 is divided by 246.
168
Calculate the remainder when 2043517 is divided by 32.
29
Calculate the remainder when 578180 is divided by 902.
900
What is the remainder when 65078 is divided by 103?
85
Calculate the remainder when 1062 is divided by 34.
8
Calculate the remainder when 15938 is divided by 3961.
94
What is the remainder when 348040 is divided by 142?
140
Calculate the remainder when 6236 is divided by 1558.
4
Calculate the remainder when 9703 is divided by 486.
469
Calculate the remainder when 95628 is divided by 28.
8
What is the remainder when 6594 is divided by 287?
280
Calculate the remainder when 532757 is divided by 133179.
41
What is the remainder when 606437 is divided by 42?
41
Calculate the remainder when 11258 is divided by 59.
48
What is the remainder when 68506 is divided by 85?
81
What is the remainder when 36968 is divided by 40?
8
Calculate the remainder when 1910455 is divided by 711.
709
What is the remainder when 5333 is divided by 1603?
524
What is the remainder when 16239 is divided by 16224?
15
Calculate the remainder when 265 is divided by 53.
0
What is the remainder when 2941 is divided by 690?
181
Calculate the remainder when 72837 is divided by 40.
37
What is the remainder when 1903 is divided by 161?
132
What is the remainder when 851 is divided by 45?
41
What is the remainder when 4565 is divided by 1488?
101
What is the remainder when 43842 is divided by 14612?
6
What is the remainder when 419 is divided by 73?
54
What is the remainder when 20869 is divided by 6890?
199
What is the remainder when 679805 is divided by 6798?
5
What is the remainder when 63950 is divided by 145?
5
Calculate the remainder when 2388382 is divided by 36.
34
What is the remainder when 35443 is divided by 106?
39
What is the remainder when 8880 is divided by 87?
6
What is the remainder when 8389 is divided by 68?
25
Calculate the remainder when 1033 is divided by 132.
109
Calculate the remainder when 495706 is divided by 303.
301
What is the remainder when 6279 is divided by 54?
15
Calculate the remai